{"id":164,"date":"2019-06-02T11:10:20","date_gmt":"2019-06-02T09:10:20","guid":{"rendered":"https:\/\/naturelamrell.wordpress.com\/?page_id=164"},"modified":"2025-07-16T17:50:10","modified_gmt":"2025-07-16T17:50:10","slug":"holistische-koerperheilkunst","status":"publish","type":"page","link":"https:\/\/naturel-amrell.de\/?page_id=164","title":{"rendered":"Ganzheitliche K\u00f6rperheilkunst"},"content":{"rendered":"\n<p>Gott wirkt in uns,-nur verlieren wir von Zeit zu Zeit die Verbindung zu ihm, was zu Beschwerden jeglicher Art f\u00fchren kann.<\/p>\n\n\n\n<p>Mit der g\u00f6ttlichen Gabe in mir und meinen H\u00e4nden stelle ich mit Hilfe der ganzheitlichen Heilkunst diese Verbindung wieder her und f\u00f6rdere den Heilungsprozess.<\/p>\n\n\n\n<p>F\u00fchlen Sie die Erleichterung und Entspannung genau wie in einer Meditation und lassen Sie sich in eine Art Schwebezustand versetzen.<\/p>\n\n\n\n<p>Online: Bewusst gef\u00fchrte Meditationen, Coaching und Natur- bzw. Wildpflanzen       Botschaften<\/p>\n\n\n\n<p>Offline: Wahrhaftiges, bewusstes Ber\u00fchren meiner H\u00e4nde, um k\u00f6rperliche und seelische Probleme einfach und leicht zu erkennen und aufzul\u00f6sen, in das freie Flie\u00dfen zu f\u00fchren. Ich f\u00fchre \u00fcber meine H\u00e4nde und Stimme die Menschen in eine sehr tiefe k\u00f6rperliche und seelische Entspannung, so dass sich tiefliegende Blockaden und Schmerzen fast wie von allein l\u00f6sen und die K\u00f6rperfl\u00fcssigkeiten wieder frei Flie\u00dfen.<\/p>\n\n\n\n<p>Bei einigen Menschen \u201eziehe\u201c ich auch \u00fcber meine H\u00e4nde den Schmerz aus ihrem K\u00f6rper.<\/p>\n\n\n\n<p>Ich zeige dir 3-5 einfache und kinderleichte \u00dcbungen, speziell auf dein Problem abgestimmt und sehr wirkungsvoll.<\/p>\n\n\n\n<p>Nach einer Behandlung = Ber\u00fchrung von mir f\u00fchlen sich die Menschen leichter, entspannter, so als wenn sie schweben w\u00fcrden, so beschreiben es einige und sie sp\u00fcren oft ein Kribbeln am ganzen K\u00f6rper.<\/p>\n\n\n\n<p>Mein Ziel: Ein Zustand von Ausgeglichenheit, Entspannung, Erleichterung, Herzverbundenheit, innerem Frieden, mit und in ihrem K\u00f6rper verbunden.<\/p>\n\n\n\n<p>Wenn Sie eine Beratung, Anwendung oder einen Termin vereinbaren m\u00f6chten, klicken Sie hier: <a href=\"http:\/\/eileen-amrell.de\">kontakt@eileen-amrell.de<\/a><\/p>\n","protected":false},"excerpt":{"rendered":"<p>Gott wirkt in uns,-nur verlieren wir von Zeit zu Zeit die Verbindung zu ihm, was zu Beschwerden jeglicher Art f\u00fchren kann. Mit der g\u00f6ttlichen Gabe in mir und meinen H\u00e4nden stelle ich mit Hilfe der ganzheitlichen Heilkunst diese Verbindung wieder her und f\u00f6rdere den Heilungsprozess. F\u00fchlen Sie die Erleichterung und Entspannung genau wie in einer [&hellip;]<\/p>\n","protected":false},"author":2,"featured_media":0,"parent":0,"menu_order":0,"comment_status":"closed","ping_status":"closed","template":"","meta":[],"_links":{"self":[{"href":"https:\/\/naturel-amrell.de\/index.php?rest_route=\/wp\/v2\/pages\/164"}],"collection":[{"href":"https:\/\/naturel-amrell.de\/index.php?rest_route=\/wp\/v2\/pages"}],"about":[{"href":"https:\/\/naturel-amrell.de\/index.php?rest_route=\/wp\/v2\/types\/page"}],"author":[{"embeddable":true,"href":"https:\/\/naturel-amrell.de\/index.php?rest_route=\/wp\/v2\/users\/2"}],"replies":[{"embeddable":true,"href":"https:\/\/naturel-amrell.de\/index.php?rest_route=%2Fwp%2Fv2%2Fcomments&post=164"}],"version-history":[{"count":6,"href":"https:\/\/naturel-amrell.de\/index.php?rest_route=\/wp\/v2\/pages\/164\/revisions"}],"predecessor-version":[{"id":777,"href":"https:\/\/naturel-amrell.de\/index.php?rest_route=\/wp\/v2\/pages\/164\/revisions\/777"}],"wp:attachment":[{"href":"https:\/\/naturel-amrell.de\/index.php?rest_route=%2Fwp%2Fv2%2Fmedia&parent=164"}],"curies":[{"name":"wp","href":"https:\/\/api.w.org\/{rel}","templated":true}]}}